{"id":244,"date":"2023-01-29T21:09:27","date_gmt":"2023-01-29T21:09:27","guid":{"rendered":"http:\/\/lumberjackkft.com\/?page_id=244"},"modified":"2023-04-03T09:03:23","modified_gmt":"2023-04-03T09:03:23","slug":"palyazataink","status":"publish","type":"page","link":"https:\/\/lumberjackkft.com\/?page_id=244","title":{"rendered":"P\u00e1ly\u00e1zataink"},"content":{"rendered":"\t\t<div data-elementor-type=\"wp-page\" data-elementor-id=\"244\" class=\"elementor elementor-244\">\n\t\t\t\t\t\t<section class=\"elementor-section elementor-top-section elementor-element elementor-element-2a40bcb1 elementor-section-boxed elementor-section-height-default elementor-section-height-default\" data-id=\"2a40bcb1\" data-element_type=\"section\" data-settings=\"{&quot;background_background&quot;:&quot;classic&quot;}\">\n\t\t\t\t\t\t<div class=\"elementor-container elementor-column-gap-default\">\n\t\t\t\t\t<div class=\"elementor-column elementor-col-100 elementor-top-column elementor-element elementor-element-126df9a\" data-id=\"126df9a\" data-element_type=\"column\">\n\t\t\t<div class=\"elementor-widget-wrap elementor-element-populated\">\n\t\t\t\t\t\t<div class=\"elementor-element elementor-element-20a24113 elementor-widget elementor-widget-heading\" data-id=\"20a24113\" data-element_type=\"widget\" data-widget_type=\"heading.default\">\n\t\t\t\t<div class=\"elementor-widget-container\">\n\t\t\t\t\t<h1 class=\"elementor-heading-title elementor-size-default\">P\u00e1ly\u00e1zataink<\/h1>\t\t\t\t<\/div>\n\t\t\t\t<\/div>\n\t\t\t\t<div class=\"elementor-element elementor-element-6d2fca10 elementor-widget elementor-widget-text-editor\" data-id=\"6d2fca10\" data-element_type=\"widget\" data-widget_type=\"text-editor.default\">\n\t\t\t\t<div class=\"elementor-widget-container\">\n\t\t\t\t\t\t\t\t\t<p>Eddigi nyertes p\u00e1ly\u00e1zataink<\/p>\t\t\t\t\t\t\t\t<\/div>\n\t\t\t\t<\/div>\n\t\t\t\t\t<\/div>\n\t\t<\/div>\n\t\t\t\t\t<\/div>\n\t\t<\/section>\n\t\t\t\t<section class=\"elementor-section elementor-top-section elementor-element elementor-element-bbf9b9b elementor-section-boxed elementor-section-height-default elementor-section-height-default\" data-id=\"bbf9b9b\" data-element_type=\"section\">\n\t\t\t\t\t\t<div class=\"elementor-container elementor-column-gap-default\">\n\t\t\t\t\t<div class=\"elementor-column elementor-col-100 elementor-top-column elementor-element elementor-element-104deb3\" data-id=\"104deb3\" data-element_type=\"column\">\n\t\t\t<div class=\"elementor-widget-wrap elementor-element-populated\">\n\t\t\t\t\t\t<div class=\"elementor-element elementor-element-fd4306d elementor-widget elementor-widget-image\" data-id=\"fd4306d\" data-element_type=\"widget\" data-widget_type=\"image.default\">\n\t\t\t\t<div class=\"elementor-widget-container\">\n\t\t\t\t\t\t\t\t\t\t\t\t\t\t\t<img fetchpriority=\"high\" decoding=\"async\" width=\"1024\" height=\"427\" src=\"https:\/\/lumberjackkft.com\/wp-content\/uploads\/2023\/04\/infoblokk_EMVA_3c-1024x427.jpg\" class=\"attachment-large size-large wp-image-353\" alt=\"\" srcset=\"https:\/\/lumberjackkft.com\/wp-content\/uploads\/2023\/04\/infoblokk_EMVA_3c-1024x427.jpg 1024w, https:\/\/lumberjackkft.com\/wp-content\/uploads\/2023\/04\/infoblokk_EMVA_3c-300x125.jpg 300w, https:\/\/lumberjackkft.com\/wp-content\/uploads\/2023\/04\/infoblokk_EMVA_3c-768x320.jpg 768w, https:\/\/lumberjackkft.com\/wp-content\/uploads\/2023\/04\/infoblokk_EMVA_3c.jpg 1417w\" sizes=\"(max-width: 1024px) 100vw, 1024px\" \/>\t\t\t\t\t\t\t\t\t\t\t\t\t\t\t<\/div>\n\t\t\t\t<\/div>\n\t\t\t\t<div class=\"elementor-element elementor-element-9c25aad elementor-widget elementor-widget-text-editor\" data-id=\"9c25aad\" data-element_type=\"widget\" data-widget_type=\"text-editor.default\">\n\t\t\t\t<div class=\"elementor-widget-container\">\n\t\t\t\t\t\t\t\t\t<p><span id=\"m_1755954282004925890m_8485974958686354893page58R_mcid7\"><b><span dir=\"ltr\" role=\"presentation\">K<\/span><\/b><b><span dir=\"ltr\" role=\"presentation\">edvezm\u00e9nyezett<\/span><\/b><b> <\/b><span dir=\"ltr\" role=\"presentation\"><b>neve:<\/b> LUMBERJACK Mez\u0151- \u00e9s Erd\u0151gazdas\u00e1gi Termel\u0151-Gazd\u00e1lkod\u00f3 Kft.<\/span><\/span><span id=\"m_1755954282004925890m_8485974958686354893page58R_mcid8\"><br role=\"presentation\" \/><span dir=\"ltr\" role=\"presentation\"><br \/><b>P<\/b><\/span><span dir=\"ltr\" role=\"presentation\"><b>\u00e1ly\u00e1zati felh\u00edv\u00e1s:<\/b> <\/span><\/span><span id=\"m_1755954282004925890m_8485974958686354893page58R_mcid9\">Erd\u00e9szeti technol\u00f3gi\u00e1kra, valamint erdei term\u00e9kek feldolgoz\u00e1s\u00e1ra \u00e9s piaci \u00e9rt\u00e9kes\u00edt\u00e9s\u00e9re ir\u00e1nyul\u00f3 beruh\u00e1z\u00e1sok, VP5-8.6.1-17 k\u00f3dsz\u00e1m<span dir=\"ltr\" role=\"presentation\"><br \/><b>A Projekt a<\/b><\/span><b><span dir=\"ltr\" role=\"presentation\">zonos\u00edt\u00f3 sz\u00e1ma<\/span><\/b><\/span><span id=\"m_1755954282004925890m_8485974958686354893page58R_mcid10\"><b>:<\/b> 3083555283<br role=\"presentation\" \/><b><span dir=\"ltr\" role=\"presentation\">A<\/span><\/b><span dir=\"ltr\" role=\"presentation\"><b> szerz\u0151d\u00f6tt t\u00e1mogat\u00e1s \u00f6sszege:<\/b> 98 905 981 Ft<\/span><\/span><span id=\"m_1755954282004925890m_8485974958686354893page58R_mcid11\"><br role=\"presentation\" \/><b>A<\/b><span dir=\"ltr\" role=\"presentation\"><b> t\u00e1mogat\u00e1s m\u00e9rt\u00e9ke:<\/b> 50 %<br \/><\/span><\/span><span id=\"m_1755954282004925890m_8485974958686354893page58R_mcid13\"><b>A <\/b><b><span dir=\"ltr\" role=\"presentation\">projekt<\/span><\/b><b> <\/b><b><span dir=\"ltr\" role=\"presentation\">befejez\u00e9si<\/span><\/b><b> <\/b><b><span dir=\"ltr\" role=\"presentation\">d\u00e1tuma<\/span><\/b><span dir=\"ltr\" role=\"presentation\"><b>:<\/b> 2023.03.31.<br \/><\/span><\/span><br role=\"presentation\" \/><span id=\"m_1755954282004925890m_8485974958686354893page58R_mcid12\"><span id=\"m_1755954282004925890m_8485974958686354893page58R_mcid9\"><b><span dir=\"ltr\" role=\"presentation\">A <\/span><\/b><span dir=\"ltr\" role=\"presentation\"><b>projekt c\u00edme:<\/b> Erd\u0151gazd\u00e1lkod\u00e1sban haszn\u00e1latos g\u00e9pek, eszk\u00f6z\u00f6k beszerz\u00e9se<br \/><\/span><\/span><b><span dir=\"ltr\" role=\"presentation\">A<\/span><\/b><span dir=\"ltr\" role=\"presentation\"><b> projekt tartalm\u00e1nak r\u00f6vid bemutat\u00e1sa:<\/b> <\/span><\/span><span id=\"m_1755954282004925890m_8485974958686354893page58R_mcid13\">A beruh\u00e1z\u00e1s keret\u00e9ben egy forwarder, egy kabinos erd\u00e9szeti daru, tusk\u00f3gy\u00f6k\u00e9r szaggat\u00f3 kan\u00e1l, egy tusk\u00f3z\u00f3 adapter, neh\u00e9z t\u00e1rcsa \u00e9s egy eke ker\u00fcl beszerz\u00e9sre<span dir=\"ltr\" role=\"presentation\">.<\/span><\/span><\/p>\t\t\t\t\t\t\t\t<\/div>\n\t\t\t\t<\/div>\n\t\t\t\t\t<\/div>\n\t\t<\/div>\n\t\t\t\t\t<\/div>\n\t\t<\/section>\n\t\t\t\t<section class=\"elementor-section elementor-top-section elementor-element elementor-element-8ab8a08 elementor-section-boxed elementor-section-height-default elementor-section-height-default\" data-id=\"8ab8a08\" data-element_type=\"section\">\n\t\t\t\t\t\t<div class=\"elementor-container elementor-column-gap-default\">\n\t\t\t\t\t<div class=\"elementor-column elementor-col-100 elementor-top-column elementor-element elementor-element-17541a6\" data-id=\"17541a6\" data-element_type=\"column\">\n\t\t\t<div class=\"elementor-widget-wrap elementor-element-populated\">\n\t\t\t\t\t\t<div class=\"elementor-element elementor-element-d7f787f elementor-widget elementor-widget-image\" data-id=\"d7f787f\" data-element_type=\"widget\" data-widget_type=\"image.default\">\n\t\t\t\t<div class=\"elementor-widget-container\">\n\t\t\t\t\t\t\t\t\t\t\t\t\t\t\t<img decoding=\"async\" width=\"800\" height=\"450\" src=\"https:\/\/lumberjackkft.com\/wp-content\/uploads\/2023\/02\/3083555283_c_tipusu-tabla-1-800x450.jpg\" class=\"attachment-ocean-thumb-ml size-ocean-thumb-ml wp-image-336\" alt=\"\" \/>\t\t\t\t\t\t\t\t\t\t\t\t\t\t\t<\/div>\n\t\t\t\t<\/div>\n\t\t\t\t\t<\/div>\n\t\t<\/div>\n\t\t\t\t\t<\/div>\n\t\t<\/section>\n\t\t\t\t<section class=\"elementor-section elementor-top-section elementor-element elementor-element-21c162db elementor-section-boxed elementor-section-height-default elementor-section-height-default\" data-id=\"21c162db\" data-element_type=\"section\" data-settings=\"{&quot;background_background&quot;:&quot;classic&quot;}\">\n\t\t\t\t\t\t<div class=\"elementor-container elementor-column-gap-default\">\n\t\t\t\t\t<div class=\"elementor-column elementor-col-50 elementor-top-column elementor-element elementor-element-193b5349\" data-id=\"193b5349\" data-element_type=\"column\">\n\t\t\t<div class=\"elementor-widget-wrap elementor-element-populated\">\n\t\t\t\t\t\t<div class=\"elementor-element elementor-element-eb8a126 elementor-widget elementor-widget-image\" data-id=\"eb8a126\" data-element_type=\"widget\" data-widget_type=\"image.default\">\n\t\t\t\t<div class=\"elementor-widget-container\">\n\t\t\t\t\t\t\t\t\t\t\t\t\t\t\t<img decoding=\"async\" width=\"300\" height=\"225\" src=\"https:\/\/lumberjackkft.com\/wp-content\/uploads\/2023\/01\/lumberjack800x600-01_white-300x225.png\" class=\"attachment-medium size-medium wp-image-151\" alt=\"\" srcset=\"https:\/\/lumberjackkft.com\/wp-content\/uploads\/2023\/01\/lumberjack800x600-01_white-300x225.png 300w, https:\/\/lumberjackkft.com\/wp-content\/uploads\/2023\/01\/lumberjack800x600-01_white-1024x768.png 1024w, https:\/\/lumberjackkft.com\/wp-content\/uploads\/2023\/01\/lumberjack800x600-01_white-768x576.png 768w, https:\/\/lumberjackkft.com\/wp-content\/uploads\/2023\/01\/lumberjack800x600-01_white-1536x1152.png 1536w, https:\/\/lumberjackkft.com\/wp-content\/uploads\/2023\/01\/lumberjack800x600-01_white-2048x1536.png 2048w\" sizes=\"(max-width: 300px) 100vw, 300px\" \/>\t\t\t\t\t\t\t\t\t\t\t\t\t\t\t<\/div>\n\t\t\t\t<\/div>\n\t\t\t\t\t<\/div>\n\t\t<\/div>\n\t\t\t\t<div class=\"elementor-column elementor-col-50 elementor-top-column elementor-element elementor-element-6473943d\" data-id=\"6473943d\" data-element_type=\"column\">\n\t\t\t<div class=\"elementor-widget-wrap elementor-element-populated\">\n\t\t\t\t\t\t<div class=\"elementor-element elementor-element-32d1c296 envato-kit-138-bracket elementor-widget elementor-widget-heading\" data-id=\"32d1c296\" data-element_type=\"widget\" data-widget_type=\"heading.default\">\n\t\t\t\t<div class=\"elementor-widget-container\">\n\t\t\t\t\t<h3 class=\"elementor-heading-title elementor-size-default\">MEN\u00dc<\/h3>\t\t\t\t<\/div>\n\t\t\t\t<\/div>\n\t\t\t\t<div class=\"elementor-element elementor-element-2b6f2370 elementor-mobile-align-center elementor-icon-list--layout-traditional elementor-list-item-link-full_width elementor-widget elementor-widget-icon-list\" data-id=\"2b6f2370\" data-element_type=\"widget\" data-widget_type=\"icon-list.default\">\n\t\t\t\t<div class=\"elementor-widget-container\">\n\t\t\t\t\t\t\t<ul class=\"elementor-icon-list-items\">\n\t\t\t\t\t\t\t<li class=\"elementor-icon-list-item\">\n\t\t\t\t\t\t\t\t\t\t\t<a href=\"https:\/\/lumberjackkft.com\/\">\n\n\t\t\t\t\t\t\t\t\t\t\t\t<span class=\"elementor-icon-list-icon\">\n\t\t\t\t\t\t\t<i aria-hidden=\"true\" class=\"fas fa-angle-right\"><\/i>\t\t\t\t\t\t<\/span>\n\t\t\t\t\t\t\t\t\t\t<span class=\"elementor-icon-list-text\">Kezd\u0151lap<\/span>\n\t\t\t\t\t\t\t\t\t\t\t<\/a>\n\t\t\t\t\t\t\t\t\t<\/li>\n\t\t\t\t\t\t\t\t<li class=\"elementor-icon-list-item\">\n\t\t\t\t\t\t\t\t\t\t\t<a href=\"https:\/\/lumberjackkft.com\/?page_id=10\">\n\n\t\t\t\t\t\t\t\t\t\t\t\t<span class=\"elementor-icon-list-icon\">\n\t\t\t\t\t\t\t<i aria-hidden=\"true\" class=\"fas fa-angle-right\"><\/i>\t\t\t\t\t\t<\/span>\n\t\t\t\t\t\t\t\t\t\t<span class=\"elementor-icon-list-text\">Szlg\u00e1ltat\u00e1saink<\/span>\n\t\t\t\t\t\t\t\t\t\t\t<\/a>\n\t\t\t\t\t\t\t\t\t<\/li>\n\t\t\t\t\t\t\t\t<li class=\"elementor-icon-list-item\">\n\t\t\t\t\t\t\t\t\t\t\t<a href=\"https:\/\/lumberjackkft.com\/?page_id=12\">\n\n\t\t\t\t\t\t\t\t\t\t\t\t<span class=\"elementor-icon-list-icon\">\n\t\t\t\t\t\t\t<i aria-hidden=\"true\" class=\"fas fa-angle-right\"><\/i>\t\t\t\t\t\t<\/span>\n\t\t\t\t\t\t\t\t\t\t<span class=\"elementor-icon-list-text\">Technol\u00f3gi\u00e1nk<\/span>\n\t\t\t\t\t\t\t\t\t\t\t<\/a>\n\t\t\t\t\t\t\t\t\t<\/li>\n\t\t\t\t\t\t\t\t<li class=\"elementor-icon-list-item\">\n\t\t\t\t\t\t\t\t\t\t\t<a href=\"https:\/\/lumberjackkft.com\/?page_id=244\">\n\n\t\t\t\t\t\t\t\t\t\t\t\t<span class=\"elementor-icon-list-icon\">\n\t\t\t\t\t\t\t<i aria-hidden=\"true\" class=\"fas fa-angle-right\"><\/i>\t\t\t\t\t\t<\/span>\n\t\t\t\t\t\t\t\t\t\t<span class=\"elementor-icon-list-text\">P\u00e1ly\u00e1zataink<\/span>\n\t\t\t\t\t\t\t\t\t\t\t<\/a>\n\t\t\t\t\t\t\t\t\t<\/li>\n\t\t\t\t\t\t\t\t<li class=\"elementor-icon-list-item\">\n\t\t\t\t\t\t\t\t\t\t\t<a href=\"https:\/\/lumberjackkft.com\/?page_id=142\">\n\n\t\t\t\t\t\t\t\t\t\t\t\t<span class=\"elementor-icon-list-icon\">\n\t\t\t\t\t\t\t<i aria-hidden=\"true\" class=\"fas fa-angle-right\"><\/i>\t\t\t\t\t\t<\/span>\n\t\t\t\t\t\t\t\t\t\t<span class=\"elementor-icon-list-text\">C\u00e9gcsoportunk<\/span>\n\t\t\t\t\t\t\t\t\t\t\t<\/a>\n\t\t\t\t\t\t\t\t\t<\/li>\n\t\t\t\t\t\t\t\t<li class=\"elementor-icon-list-item\">\n\t\t\t\t\t\t\t\t\t\t\t<a href=\"https:\/\/lumberjackkft.com\/?page_id=141\">\n\n\t\t\t\t\t\t\t\t\t\t\t\t<span class=\"elementor-icon-list-icon\">\n\t\t\t\t\t\t\t<i aria-hidden=\"true\" class=\"fas fa-angle-right\"><\/i>\t\t\t\t\t\t<\/span>\n\t\t\t\t\t\t\t\t\t\t<span class=\"elementor-icon-list-text\">Karrier<\/span>\n\t\t\t\t\t\t\t\t\t\t\t<\/a>\n\t\t\t\t\t\t\t\t\t<\/li>\n\t\t\t\t\t\t\t\t<li class=\"elementor-icon-list-item\">\n\t\t\t\t\t\t\t\t\t\t\t<a href=\"https:\/\/lumberjackkft.com\/?page_id=140\">\n\n\t\t\t\t\t\t\t\t\t\t\t\t<span class=\"elementor-icon-list-icon\">\n\t\t\t\t\t\t\t<i aria-hidden=\"true\" class=\"fas fa-angle-right\"><\/i>\t\t\t\t\t\t<\/span>\n\t\t\t\t\t\t\t\t\t\t<span class=\"elementor-icon-list-text\">Kapcsolat<\/span>\n\t\t\t\t\t\t\t\t\t\t\t<\/a>\n\t\t\t\t\t\t\t\t\t<\/li>\n\t\t\t\t\t\t<\/ul>\n\t\t\t\t\t\t<\/div>\n\t\t\t\t<\/div>\n\t\t\t\t\t<\/div>\n\t\t<\/div>\n\t\t\t\t\t<\/div>\n\t\t<\/section>\n\t\t\t\t<\/div>\n\t\t","protected":false},"excerpt":{"rendered":"<p>P\u00e1ly\u00e1zataink Eddigi nyertes p\u00e1ly\u00e1zataink Kedvezm\u00e9nyezett neve: LUMBERJACK Mez\u0151- \u00e9s Erd\u0151gazdas\u00e1gi Termel\u0151-Gazd\u00e1lkod\u00f3 Kft.P\u00e1ly\u00e1zati felh\u00edv\u00e1s: Erd\u00e9szeti technol\u00f3gi\u00e1kra, valamint erdei term\u00e9kek feldolgoz\u00e1s\u00e1ra \u00e9s piaci \u00e9rt\u00e9kes\u00edt\u00e9s\u00e9re ir\u00e1nyul\u00f3 beruh\u00e1z\u00e1sok, VP5-8.6.1-17 k\u00f3dsz\u00e1mA Projekt azonos\u00edt\u00f3 sz\u00e1ma: 3083555283A szerz\u0151d\u00f6tt t\u00e1mogat\u00e1s \u00f6sszege: 98 905 981 FtA t\u00e1mogat\u00e1s m\u00e9rt\u00e9ke: 50 %A projekt befejez\u00e9si d\u00e1tuma: 2023.03.31.A projekt c\u00edme: Erd\u0151gazd\u00e1lkod\u00e1sban haszn\u00e1latos g\u00e9pek, eszk\u00f6z\u00f6k beszerz\u00e9seA projekt tartalm\u00e1nak r\u00f6vid [&hellip;]<\/p>\n","protected":false},"author":1,"featured_media":0,"parent":0,"menu_order":0,"comment_status":"closed","ping_status":"closed","template":"","meta":{"ocean_post_layout":"full-screen","ocean_both_sidebars_style":"","ocean_both_sidebars_content_width":0,"ocean_both_sidebars_sidebars_width":0,"ocean_sidebar":"0","ocean_second_sidebar":"0","ocean_disable_margins":"enable","ocean_add_body_class":"","ocean_shortcode_before_top_bar":"","ocean_shortcode_after_top_bar":"","ocean_shortcode_before_header":"","ocean_shortcode_after_header":"","ocean_has_shortcode":"","ocean_shortcode_after_title":"","ocean_shortcode_before_footer_widgets":"","ocean_shortcode_after_footer_widgets":"","ocean_shortcode_before_footer_bottom":"","ocean_shortcode_after_footer_bottom":"","ocean_display_top_bar":"off","ocean_display_header":"default","ocean_header_style":"","ocean_center_header_left_menu":"0","ocean_custom_header_template":"0","ocean_custom_logo":0,"ocean_custom_retina_logo":0,"ocean_custom_logo_max_width":0,"ocean_custom_logo_tablet_max_width":0,"ocean_custom_logo_mobile_max_width":0,"ocean_custom_logo_max_height":0,"ocean_custom_logo_tablet_max_height":0,"ocean_custom_logo_mobile_max_height":0,"ocean_header_custom_menu":"0","ocean_menu_typo_font_family":"0","ocean_menu_typo_font_subset":"","ocean_menu_typo_font_size":0,"ocean_menu_typo_font_size_tablet":0,"ocean_menu_typo_font_size_mobile":0,"ocean_menu_typo_font_size_unit":"px","ocean_menu_typo_font_weight":"","ocean_menu_typo_font_weight_tablet":"","ocean_menu_typo_font_weight_mobile":"","ocean_menu_typo_transform":"","ocean_menu_typo_transform_tablet":"","ocean_menu_typo_transform_mobile":"","ocean_menu_typo_line_height":0,"ocean_menu_typo_line_height_tablet":0,"ocean_menu_typo_line_height_mobile":0,"ocean_menu_typo_line_height_unit":"","ocean_menu_typo_spacing":0,"ocean_menu_typo_spacing_tablet":0,"ocean_menu_typo_spacing_mobile":0,"ocean_menu_typo_spacing_unit":"","ocean_menu_link_color":"","ocean_menu_link_color_hover":"","ocean_menu_link_color_active":"","ocean_menu_link_background":"","ocean_menu_link_hover_background":"","ocean_menu_link_active_background":"","ocean_menu_social_links_bg":"","ocean_menu_social_hover_links_bg":"","ocean_menu_social_links_color":"","ocean_menu_social_hover_links_color":"","ocean_disable_title":"on","ocean_disable_heading":"default","ocean_post_title":"","ocean_post_subheading":"","ocean_post_title_style":"","ocean_post_title_background_color":"","ocean_post_title_background":0,"ocean_post_title_bg_image_position":"","ocean_post_title_bg_image_attachment":"","ocean_post_title_bg_image_repeat":"","ocean_post_title_bg_image_size":"","ocean_post_title_height":0,"ocean_post_title_bg_overlay":0.5,"ocean_post_title_bg_overlay_color":"","ocean_disable_breadcrumbs":"default","ocean_breadcrumbs_color":"","ocean_breadcrumbs_separator_color":"","ocean_breadcrumbs_links_color":"","ocean_breadcrumbs_links_hover_color":"","ocean_display_footer_widgets":"off","ocean_display_footer_bottom":"off","ocean_custom_footer_template":"0","footnotes":""},"class_list":["post-244","page","type-page","status-publish","hentry","entry"],"_links":{"self":[{"href":"https:\/\/lumberjackkft.com\/index.php?rest_route=\/wp\/v2\/pages\/244","targetHints":{"allow":["GET"]}}],"collection":[{"href":"https:\/\/lumberjackkft.com\/index.php?rest_route=\/wp\/v2\/pages"}],"about":[{"href":"https:\/\/lumberjackkft.com\/index.php?rest_route=\/wp\/v2\/types\/page"}],"author":[{"embeddable":true,"href":"https:\/\/lumberjackkft.com\/index.php?rest_route=\/wp\/v2\/users\/1"}],"replies":[{"embeddable":true,"href":"https:\/\/lumberjackkft.com\/index.php?rest_route=%2Fwp%2Fv2%2Fcomments&post=244"}],"version-history":[{"count":13,"href":"https:\/\/lumberjackkft.com\/index.php?rest_route=\/wp\/v2\/pages\/244\/revisions"}],"predecessor-version":[{"id":356,"href":"https:\/\/lumberjackkft.com\/index.php?rest_route=\/wp\/v2\/pages\/244\/revisions\/356"}],"wp:attachment":[{"href":"https:\/\/lumberjackkft.com\/index.php?rest_route=%2Fwp%2Fv2%2Fmedia&parent=244"}],"curies":[{"name":"wp","href":"https:\/\/api.w.org\/{rel}","templated":true}]}}